{"id":705,"date":"2024-02-11T15:37:46","date_gmt":"2024-02-11T15:37:46","guid":{"rendered":"https:\/\/www.futsalgermany.de\/?page_id=705"},"modified":"2024-02-23T11:27:29","modified_gmt":"2024-02-23T11:27:29","slug":"zur-lage-von-futsal-in-deutschland","status":"publish","type":"page","link":"https:\/\/www.futsalgermany.de\/index.php\/zur-lage-von-futsal-in-deutschland\/","title":{"rendered":"Zur Lage von Futsal in Deutschland"},"content":{"rendered":"\t\t<div data-elementor-type=\"wp-page\" data-elementor-id=\"705\" class=\"elementor elementor-705\">\n\t\t\t\t\t\t<section class=\"elementor-section elementor-top-section elementor-element elementor-element-cd8dcf4 elementor-section-boxed elementor-section-height-default elementor-section-height-default\" data-id=\"cd8dcf4\" data-element_type=\"section\">\n\t\t\t\t\t\t<div class=\"elementor-container elementor-column-gap-default\">\n\t\t\t\t\t<div class=\"elementor-column elementor-col-100 elementor-top-column elementor-element elementor-element-1e6a925\" data-id=\"1e6a925\" data-element_type=\"column\">\n\t\t\t<div class=\"elementor-widget-wrap elementor-element-populated\">\n\t\t\t\t\t\t<div class=\"elementor-element elementor-element-a6617c5 elementor-widget elementor-widget-heading\" data-id=\"a6617c5\" data-element_type=\"widget\" data-widget_type=\"heading.default\">\n\t\t\t\t<div class=\"elementor-widget-container\">\n\t\t\t<style>\/*! elementor - v3.21.0 - 08-05-2024 *\/\n.elementor-heading-title{padding:0;margin:0;line-height:1}.elementor-widget-heading .elementor-heading-title[class*=elementor-size-]>a{color:inherit;font-size:inherit;line-height:inherit}.elementor-widget-heading .elementor-heading-title.elementor-size-small{font-size:15px}.elementor-widget-heading .elementor-heading-title.elementor-size-medium{font-size:19px}.elementor-widget-heading .elementor-heading-title.elementor-size-large{font-size:29px}.elementor-widget-heading .elementor-heading-title.elementor-size-xl{font-size:39px}.elementor-widget-heading .elementor-heading-title.elementor-size-xxl{font-size:59px}<\/style><h2 class=\"elementor-heading-title elementor-size-default\">Was geht beim Futsal in Deutschland und was geht nicht<\/h2>\t\t<\/div>\n\t\t\t\t<\/div>\n\t\t\t\t\t<\/div>\n\t\t<\/div>\n\t\t\t\t\t<\/div>\n\t\t<\/section>\n\t\t\t\t<section class=\"elementor-section elementor-top-section elementor-element elementor-element-12b624f elementor-section-boxed elementor-section-height-default elementor-section-height-default\" data-id=\"12b624f\" data-element_type=\"section\">\n\t\t\t\t\t\t<div class=\"elementor-container elementor-column-gap-default\">\n\t\t\t\t\t<div class=\"elementor-column elementor-col-100 elementor-top-column elementor-element elementor-element-a3e0cba\" data-id=\"a3e0cba\" data-element_type=\"column\">\n\t\t\t<div class=\"elementor-widget-wrap\">\n\t\t\t\t\t\t\t<\/div>\n\t\t<\/div>\n\t\t\t\t\t<\/div>\n\t\t<\/section>\n\t\t\t\t<section class=\"elementor-section elementor-top-section elementor-element elementor-element-2566080 elementor-section-boxed elementor-section-height-default elementor-section-height-default\" data-id=\"2566080\" data-element_type=\"section\">\n\t\t\t\t\t\t<div class=\"elementor-container elementor-column-gap-default\">\n\t\t\t\t\t<div class=\"elementor-column elementor-col-100 elementor-top-column elementor-element elementor-element-a17cdbf\" data-id=\"a17cdbf\" data-element_type=\"column\">\n\t\t\t<div class=\"elementor-widget-wrap elementor-element-populated\">\n\t\t\t\t\t\t<div class=\"elementor-element elementor-element-e193961 elementor-widget elementor-widget-text-editor\" data-id=\"e193961\" data-element_type=\"widget\" data-widget_type=\"text-editor.default\">\n\t\t\t\t<div class=\"elementor-widget-container\">\n\t\t\t<style>\/*! elementor - v3.21.0 - 08-05-2024 *\/\n.elementor-widget-text-editor.elementor-drop-cap-view-stacked .elementor-drop-cap{background-color:#69727d;color:#fff}.elementor-widget-text-editor.elementor-drop-cap-view-framed .elementor-drop-cap{color:#69727d;border:3px solid;background-color:transparent}.elementor-widget-text-editor:not(.elementor-drop-cap-view-default) .elementor-drop-cap{margin-top:8px}.elementor-widget-text-editor:not(.elementor-drop-cap-view-default) .elementor-drop-cap-letter{width:1em;height:1em}.elementor-widget-text-editor .elementor-drop-cap{float:left;text-align:center;line-height:1;font-size:50px}.elementor-widget-text-editor .elementor-drop-cap-letter{display:inline-block}<\/style>\t\t\t\t<p>Vor Wochenfrist gelang der deutschen Futsalnationalmannschaft ein viel beachteter 3:2 Sieg gegen Spanien. In Aschaffenburg wurde ein neuer Besucherrekord aufgestellt, 3.300 Menschen besuchten das Spiel. DAZN und DF1 \u00fcbertrugen live. Nachdem man in der Eliterunde der WM-Qualifikation in einer Gruppe mit Frankreich, Kroatien\u00a0 und Slowakei letztlich chancenlos blieb, ragte der Erfolg gegen Spanien, den 2fachen Welt- und 7fachen Europameister besonders heraus. Zusammen mit der 2-Tage sp\u00e4ter erlittenden 0:9 Niederlage, der zweith\u00f6chsten der deutschen <a href=\"https:\/\/de.wikipedia.org\/wiki\/Liste_der_L%C3%A4nderspiele_der_deutschen_Futsalnationalmannschaft\">L\u00e4nderspielgeschichte<\/a>, kennzeichnen diese beiden Matches gut die Ambivalenz dieser Randsportart in unserem Land. Nachdem der Sport mehr als 10 Jahre, zwischen 2005 und 2015, mehr oder weniger vor sich hin darbte und mit dem 2014 eingef\u00fchrten L\u00e4nderpokal in Duisburg und dem DFB Futsal Cup (Von 2006 &#8211; 2015) zwei nationale Futsalhighlights hatte, die medial wenig bis keine Beachtung fanden, erreichte die Evolution dieses Sports, vor allem auf h\u00f6chster Ebene seit 2016 fast biblische Ausma\u00dfe. Zwischen dem hart umk\u00e4mpften 5:3, gegen das im Futsal unbedeutende England, in der Inselparkhalle zu Hamburg im Oktober 2016 und dem 3:2 gegen Spanien, dem Europameister des gleichen Jahres, liegen satte 64 L\u00e4nderspiele und keine acht Jahre. Zwischendrin, mitten in der &#8222;Corona-Pandemie&#8220;, wurde unter teils abenteuerlichsten Qualifikationsbewertungen, die Futsal Bundesliga eingef\u00fchrt. Diese befindet sich aktuell in der dritten Spielzeit und funktioniert. Viele Clubs machen einen gute Job, auch wenn in un\u00fcbersehbaren Bereichen Ehrenamtlichkeit fehlende Ressourcen, vor allem in Form von Geld, ausgleichen muss und die Professionalit\u00e4t zwangsl\u00e4ufig auf der Strecke bleibt. Der Sport hat sich fortentwickelt, findet medial zunehmend Beachtung und auch das Ausland guckt teilweise neidisch auf unsere Zuschauerzahlen und die oft spektakul\u00e4re Inszenierung von Spielen der deutschen F\u00fcnf. Auch die Expertise und Nachhaltigkeit in der Arbeit von Marcel Loosveld (Seit 2017 Bundestrainer) hat diese Entwicklung umfangreich positiv beeinflusst. Futsal ist salonf\u00e4hig geworden in Deutschland und ein positiver Imagetr\u00e4ger f\u00fcr den durch Krisen gebeutelten Deutschen-Fu\u00dfball-Bund. Aber \u00fcber die Kehrseite muss auch geschrieben werden. <b>(Foto by #futsalger &#8211; HPE)<\/b><\/p>\t\t\t\t\t\t<\/div>\n\t\t\t\t<\/div>\n\t\t\t\t<div class=\"elementor-element elementor-element-c5ec2a1 elementor-widget elementor-widget-spacer\" data-id=\"c5ec2a1\" data-element_type=\"widget\" data-widget_type=\"spacer.default\">\n\t\t\t\t<div class=\"elementor-widget-container\">\n\t\t\t<style>\/*! elementor - v3.21.0 - 08-05-2024 *\/\n.elementor-column .elementor-spacer-inner{height:var(--spacer-size)}.e-con{--container-widget-width:100%}.e-con-inner>.elementor-widget-spacer,.e-con>.elementor-widget-spacer{width:var(--container-widget-width,var(--spacer-size));--align-self:var(--container-widget-align-self,initial);--flex-shrink:0}.e-con-inner>.elementor-widget-spacer>.elementor-widget-container,.e-con>.elementor-widget-spacer>.elementor-widget-container{height:100%;width:100%}.e-con-inner>.elementor-widget-spacer>.elementor-widget-container>.elementor-spacer,.e-con>.elementor-widget-spacer>.elementor-widget-container>.elementor-spacer{height:100%}.e-con-inner>.elementor-widget-spacer>.elementor-widget-container>.elementor-spacer>.elementor-spacer-inner,.e-con>.elementor-widget-spacer>.elementor-widget-container>.elementor-spacer>.elementor-spacer-inner{height:var(--container-widget-height,var(--spacer-size))}.e-con-inner>.elementor-widget-spacer.elementor-widget-empty,.e-con>.elementor-widget-spacer.elementor-widget-empty{position:relative;min-height:22px;min-width:22px}.e-con-inner>.elementor-widget-spacer.elementor-widget-empty .elementor-widget-empty-icon,.e-con>.elementor-widget-spacer.elementor-widget-empty .elementor-widget-empty-icon{position:absolute;top:0;bottom:0;left:0;right:0;margin:auto;padding:0;width:22px;height:22px}<\/style>\t\t<div class=\"elementor-spacer\">\n\t\t\t<div class=\"elementor-spacer-inner\"><\/div>\n\t\t<\/div>\n\t\t\t\t<\/div>\n\t\t\t\t<\/div>\n\t\t\t\t\t<\/div>\n\t\t<\/div>\n\t\t\t\t\t<\/div>\n\t\t<\/section>\n\t\t\t\t<section class=\"elementor-section elementor-top-section elementor-element elementor-element-1d3a784 elementor-section-boxed elementor-section-height-default elementor-section-height-default\" data-id=\"1d3a784\" data-element_type=\"section\">\n\t\t\t\t\t\t<div class=\"elementor-container elementor-column-gap-default\">\n\t\t\t\t\t<div class=\"elementor-column elementor-col-100 elementor-top-column elementor-element elementor-element-17e4a73\" data-id=\"17e4a73\" data-element_type=\"column\">\n\t\t\t<div class=\"elementor-widget-wrap elementor-element-populated\">\n\t\t\t\t\t\t<div class=\"elementor-element elementor-element-cae17af elementor-widget elementor-widget-image\" data-id=\"cae17af\" data-element_type=\"widget\" data-widget_type=\"image.default\">\n\t\t\t\t<div class=\"elementor-widget-container\">\n\t\t\t<style>\/*! elementor - v3.21.0 - 08-05-2024 *\/\n.elementor-widget-image{text-align:center}.elementor-widget-image a{display:inline-block}.elementor-widget-image a img[src$=\".svg\"]{width:48px}.elementor-widget-image img{vertical-align:middle;display:inline-block}<\/style>\t\t\t\t\t\t\t\t\t\t<img fetchpriority=\"high\" decoding=\"async\" width=\"1024\" height=\"576\" src=\"https:\/\/www.futsalgermany.de\/wp-content\/uploads\/2023\/08\/20220409_180707-1024x576.jpg\" class=\"attachment-large size-large wp-image-92\" alt=\"\" srcset=\"https:\/\/www.futsalgermany.de\/wp-content\/uploads\/2023\/08\/20220409_180707-1024x576.jpg 1024w, https:\/\/www.futsalgermany.de\/wp-content\/uploads\/2023\/08\/20220409_180707-300x169.jpg 300w, https:\/\/www.futsalgermany.de\/wp-content\/uploads\/2023\/08\/20220409_180707-768x432.jpg 768w, https:\/\/www.futsalgermany.de\/wp-content\/uploads\/2023\/08\/20220409_180707-1536x864.jpg 1536w, https:\/\/www.futsalgermany.de\/wp-content\/uploads\/2023\/08\/20220409_180707-2048x1152.jpg 2048w, https:\/\/www.futsalgermany.de\/wp-content\/uploads\/2023\/08\/20220409_180707-800x450.jpg 800w\" sizes=\"(max-width: 1024px) 100vw, 1024px\" \/>\t\t\t\t\t\t\t\t\t\t\t\t\t<\/div>\n\t\t\t\t<\/div>\n\t\t\t\t<div class=\"elementor-element elementor-element-3e33372 elementor-widget elementor-widget-spacer\" data-id=\"3e33372\" data-element_type=\"widget\" data-widget_type=\"spacer.default\">\n\t\t\t\t<div class=\"elementor-widget-container\">\n\t\t\t\t\t<div class=\"elementor-spacer\">\n\t\t\t<div class=\"elementor-spacer-inner\"><\/div>\n\t\t<\/div>\n\t\t\t\t<\/div>\n\t\t\t\t<\/div>\n\t\t\t\t<div class=\"elementor-element elementor-element-a09258c elementor-widget elementor-widget-text-editor\" data-id=\"a09258c\" data-element_type=\"widget\" data-widget_type=\"text-editor.default\">\n\t\t\t\t<div class=\"elementor-widget-container\">\n\t\t\t\t\t\t\t<p>Schwer nachvollziehbare Bundesliga Entscheidungen des DFB in Bezug auf Postmatchinterviews oder Spielplanausdehnung durch mehr Play-Off-Spiele, massive Tonprobleme bei Live-\u00dcbertragungen, merkw\u00fcrdige Twitch-Experten und die teilweise schwierige Kommunikation sind nur ein Teil der dunklen Seite. Auch die Nomenklatur (Z. B. Meisterrunde statt Play-Off`s) ist teilweise schwer nachvollziehbar und auch wenn internationale Spieler enorm viel Qualit\u00e4t in die Bundesligateams bringen und diese wertvoll f\u00fcr uns ist, eine Ausl\u00e4nderbegrenzung ist \u00fcberf\u00e4llig. Eine Mindestanzahl von <a href=\"https:\/\/www.dfb.de\/futsal\/u-19-junioren\/das-team\/\">deutschen U19 Spielern<\/a> im Kader w\u00e4re ebenfalls zu begr\u00fc\u00dfen. Vor allem die Basis von Futsal in diesen Landen ist immer noch h\u00f6chst fragil. Selbst auf Regional-Liga Niveau, dem zweith\u00f6chsten Level, brechen Clubs mitten aus dem Spielbetrieb aus und ziehen zur\u00fcck. Futsal in Deutschland zu betreiben kostet weiterhin viel Idealismus und Herzblut. Diese Kraft nachhaltig aufzubringen, sich voll und ganz diesem Sport zu verschreiben, ist eine Herausforderung sondergleichen. Der Unterbau ist essentiell wichtig f\u00fcr das Gesamtkonstrukt Futsal in Germany. \u00dcber die Masse kommt Qualit\u00e4t sowie Professionalit\u00e4t und Ressourcen, vor allem auch die dringend gebrauchten monet\u00e4ren Mittel. Proficlubs in Deutschland setzen sich mit dem Thema bisher nur am Rande auseinander. Schaut man sich aber den nationalen und internationalen Profifu\u00dfball an, sieht man immer mehr <a href=\"https:\/\/www.abendblatt.de\/sport\/fussball\/st-pauli\/article239878351\/Was-St-Paulis-Dominanz-mit-Futsal-zu-tun-hat.html\">Futsaladaption<\/a>. Ganze Nationen und Ligen orientieren Ihre Spielweise an Einfl\u00fcssen, die beim Futsal zur Grundausbildung geh\u00f6ren. W\u00fcrden Clubs ab und an mal nach rechts oder links und nicht nur stur geradaus gucken, w\u00e4re es nicht schwer zu erkennen, wie viele besondere Chancen und wie wenig Risiko Futsal f\u00fcr einen Profifu\u00dfballclub bereith\u00e4lt und wie gut die Symbiose von Futsal und Fu\u00dfball wirkt. Hierzu gen\u00fcgt ein Blick nach S\u00fcdeuropa, S\u00fcdamerika, Asien, auf den Balkan, nach Osteuropa oder in die Premier League z. B. in Richtung Arsenal London oder <a href=\"https:\/\/www.youtube.com\/watch?v=hOF7lz5CMkc\">Manchester City<\/a>. <a href=\"https:\/\/www.instagram.com\/p\/C3SPR4OoWHh\/?igsh=YzBlZWVyd3JybHFz&amp;img_index=1\">Saudi-Arabien integriert Futsal in das Fu\u00dfball-System<\/a>. Der <a href=\"https:\/\/www.fcbarcelona.com\/en\/futsal\/first-team\/news\">FC Barcelona<\/a>, <a href=\"https:\/\/www.uefa.com\/uefafutsalchampionsleague\/news\/0288-199cab563272-6a8124c8f52c-1000--endrunden-teilnehmer-im-profil\/\">Benfica oder Sporting<\/a> gehen diesen Weg schon sehr lange. <a href=\"https:\/\/www.juventus.com\/it\/news\/articoli\/il-futsal-come-mezzo-di-formazione-l-incontro-a-vinovo\">Juventus Turin hat vor kurzem nachgezogen<\/a>. Geht hier in Deutschland ein Club voran, werden viele folgen. Versprochen! &#8211; <b>By HPE, 11.2.24<\/b><\/p>\t\t\t\t\t\t<\/div>\n\t\t\t\t<\/div>\n\t\t\t\t\t<\/div>\n\t\t<\/div>\n\t\t\t\t\t<\/div>\n\t\t<\/section>\n\t\t\t\t<\/div>\n\t\t","protected":false},"excerpt":{"rendered":"<p>Was geht beim Futsal in Deutschland und was geht nicht Vor Wochenfrist gelang der deutschen Futsalnationalmannschaft ein viel beachteter 3:2 Sieg gegen Spanien. In Aschaffenburg wurde ein neuer Besucherrekord aufgestellt, 3.300 Menschen besuchten das Spiel. DAZN und DF1 \u00fcbertrugen live. Nachdem man in der Eliterunde der WM-Qualifikation in einer Gruppe mit Frankreich, Kroatien\u00a0 und Slowakei [&hellip;]<\/p>\n","protected":false},"author":2,"featured_media":0,"parent":0,"menu_order":0,"comment_status":"closed","ping_status":"closed","template":"","meta":{"footnotes":""},"class_list":["post-705","page","type-page","status-publish","hentry","entry"],"_links":{"self":[{"href":"https:\/\/www.futsalgermany.de\/index.php\/wp-json\/wp\/v2\/pages\/705","targetHints":{"allow":["GET"]}}],"collection":[{"href":"https:\/\/www.futsalgermany.de\/index.php\/wp-json\/wp\/v2\/pages"}],"about":[{"href":"https:\/\/www.futsalgermany.de\/index.php\/wp-json\/wp\/v2\/types\/page"}],"author":[{"embeddable":true,"href":"https:\/\/www.futsalgermany.de\/index.php\/wp-json\/wp\/v2\/users\/2"}],"replies":[{"embeddable":true,"href":"https:\/\/www.futsalgermany.de\/index.php\/wp-json\/wp\/v2\/comments?post=705"}],"version-history":[{"count":58,"href":"https:\/\/www.futsalgermany.de\/index.php\/wp-json\/wp\/v2\/pages\/705\/revisions"}],"predecessor-version":[{"id":810,"href":"https:\/\/www.futsalgermany.de\/index.php\/wp-json\/wp\/v2\/pages\/705\/revisions\/810"}],"wp:attachment":[{"href":"https:\/\/www.futsalgermany.de\/index.php\/wp-json\/wp\/v2\/media?parent=705"}],"curies":[{"name":"wp","href":"https:\/\/api.w.org\/{rel}","templated":true}]}}